ors of m(-29)?
17, 43
Let s(w) = -w**2 - 8*w - 15. Let r be s(-7). Let n be -299 - r/(-2 - 0). Let y = n + 479. List the prime factors of y.
2, 11
Suppose -7*q + 2189 = -730. Let o = q + -158. What are the prime factors of o?
7, 37
List the prime factors of 67351 + 160/144 + 50/(-45).
47, 1433
What are the prime factors of -2*(4 - 10) + 4662?
2, 3, 19, 41
Let z(s) = s**2 - 5 + 2*s - 2*s**2 + 4*s**2 - 5*s**2. Let g(p) = p**2 - p + 2. Let x(m) = 13*g(m) + 6*z(m). What are the prime factors of x(7)?
2, 19
Suppose 68324 = 79*w - 184792. List the prime factors of w.
2, 3, 89
Suppose -303 + 273 = 5*l. List the prime factors of 1/((-39)/l) - 54730/(-169).
2, 3
Let k(m) = 2*m - 14. Let o = -28 + 37. Let y be k(o). Suppose y*n + 4*s = 220 + 80, 0 = -2*n - 4*s + 150. What are the prime factors of n?
3, 5
List the prime factors of 2543/((-19)/(-722)*19).
2, 2543
Suppose 2*u - 162 = -4*j, 2*u = -u + 3*j + 207. Suppose 3456*g = 3451*g + 745. Let z = g - u. List the prime factors of z.
2, 19
Let t(o) be the first derivative of -253*o**2/2 + 4*o - 37. Let b be t(-1). Let p = b + -14. List the prime factors of p.
3
Suppose -1622 = 14*m - 2196. Suppose -w = 5*g + 14, 0 = -6*w + 2*w + 2*g - 144. Let r = m - w. What are the prime factors of r?
3, 5
Let m be -6 - 644/(-105) - 13899/(-45). Suppose m = -q + n + 818, 0 = q - 4*n - 521. List the prime factors of q.
5, 101
Suppose o - 1650 = 6*o. Let x = 582 + o. List the prime factors of x.
2, 3, 7
Suppose -5*x - 655 = -1785. Suppose 4*v - 2*u - 433 = 3*u, 0 = -v - 2*u + 118. Let s = x - v. List the prime factors of s.
2, 3, 19
Let p(u) = 5*u**3 - 18*u**2 - 27*u + 27. What are the prime factors of p(18)?
3, 7, 11
Let i(x) = x**2 + x + 22. Let t be i(-11). Suppose 3*g - 15*g = -t. Suppose 5*r = -k + g, 6 = -3*k - 6. What are the prime factors of r?
3
Let g(t) = t**2 - 10*t + 3. Let m = -22 - -31. Let b be g(m). Let z(v) = v**2 + 2*v - 9. What are the prime factors of z(b)?
3, 5
Let k(z) = -31*z + 1. Let t(u) = 94*u - 2. Let v(i) = -7*k(i) - 2*t(i). Let a be v(-3). What are the prime factors of -220*(6/a - 1/3)?
2, 11
Suppose -16*n + 1 = -17*n. Let x(j) = j**2 + j. Let k be x(n). Suppose 5*u - 429 - 481 = k. What are the prime factors of u?
2, 7, 13
Let v(l) = -13*l**2 + 120*l - 23. Let c(g) = 3*g**2 - 30*g + 6. Let t(h) = 9*c(h) + 2*v(h). Let m be t(21). Let x = -65 - m. What are the prime factors of x?
2, 29
Let t(b) = -b**3 - b**2 - 1. Let m be t(0). What are the prime factors of 53190/60 - m/(-2)?
2, 443
Suppose 4*d - 232575 = -19*d - 41284. List the prime factors of d.
8317
Let w be (69/(-46))/(6/7724). Let u = w - -2755. What are the prime factors of u?
2, 103
Let h(g) = 22*g**2 - 1197*g - 122. List the prime factors of h(67).
103, 179
Let s = 33 + 114. Let p(i) = -143 - 4*i**2 - 3*i**3 + 2*i**2 + s. List the prime factors of p(-3).
67
Let o(x) = 19*x**2 + x + 3. Let t be (20*(-1)/(-6))/(2/(-3)). Let n be o(t). Suppose -6*d + n = -79. What are the prime factors of d?
2, 23
List the prime factors of (-1245)/9130 - (-1263070)/44.
2, 31, 463
Let p(i) = i**3 + 3*i**2 - i + 159. Let b(c) = -c**3 - 12*c**2 - 20*c. Let z be b(-10). What are the prime factors of p(z)?
3, 53
Let w(x) = 11*x - 66. Let n be w(8). Let k be (-634)/18 - n/(-99). What are the prime factors of 42/k*-19 - 1/(-5)?
23
Suppose -88382 = 5*l - 34*l + 316342. List the prime factors of l.
2, 3, 1163
Let a(o) = 137*o**3 - o**2. Let x be a(1). Let w = -106 + x. List the prime factors of w.
2, 3, 5
Let l(k) = -199*k + 52. List the prime factors of l(-8).
2, 3, 137
Let s = 40636 + -22765. List the prime factors of s.
3, 7, 23, 37
Suppose -76*f + 237*f - 1117573 - 1165729 = 0. List the prime factors of f.
2, 7, 1013
Let u be 18748/(-20) + 208/(-130). Let z = 1459 + u. What are the prime factors of z?
2, 5, 13
Let l(g) = 12*g - 6. Let z be l(8). Suppose 0 = 9*o - 4*o + z. List the prime factors of 54 + 32/o + 28/(-126).
2, 13
Let i(g) = 4*g**2 - 2*g**2 + 1 - 4*g**2 - 66*g**3. Let k(u) = -2*u - 7. Let p be k(-3). What are the prime factors of i(p)?
5, 13
Let s(u) = 342*u - 1025. List the prime factors of s(31).
61, 157
Suppose -3*t + 5*g = 6*g + 6, t - g + 2 = 0. What are the prime factors of 5000/4 - (t + -2)?
2, 3, 11, 19
Let b = -1048 - -3935. What are the prime factors of b?
2887
Let l(k) = -k**3 + 5*k**2 - 17*k + 6. Let p be l(7). Let q = p + 111. What are the prime factors of q/(-3)*240/50?
2, 5
Let l = -1 + 3. Let q(g) = 54*g - 62. Let k be q(1). List the prime factors of ((-19)/4)/(l/k).
19
Let y(i) = -i**3 + 51*i**2 + 3*i + 65. What are the prime factors of y(41)?
2, 3, 2833
Let f(q) = 6*q**2 - 37*q - 55. Let b(c) = -c**3 + 16*c**2 - 13*c - 14. Let l be b(15). List the prime factors of f(l).
7, 127
Suppose 2*z - 83 = -3*r, 3*z - 5*r = -2*z + 245. Suppose -2*f = 124 - z. Let c = -10 - f. What are the prime factors of c?
29
Let q be (-1 - (-6 + 0))*-1. Let j be 3/1 + (-10)/q. Suppose -j*d + 2*d = 4*v - 28, -42 = -3*d + 3*v. List the prime factors of d.
2, 3
Suppose 2*g = 88*v - 83*v - 23232, v - 4632 = 4*g. List the prime factors of v.
2, 7, 83
Let x = 11 - 4. Suppose -h + x = 4. Suppose -95 - 101 = -5*o + h*g, -4*g + 94 = 2*o. List the prime factors of o.
41
Suppose 19 = 4*c - 5. Let x = c + 0. Suppose 0 = 3*u - x*u + 63. What are the prime factors of u?
3, 7
Let c(t) = -t**3 + 5*t**2 + 4. Let q be c(5). Suppose 0 = q*j + j - 40. List the prime factors of 4/j - (-250)/4.
3, 7
Suppose -189*p + 180*p = -162. Suppose 6*j = p*j - 14220. List the prime factors of j.
3, 5, 79
Suppose d - 1524 = -r, -4*d + 1907 = r - 4204. What are the prime factors of d?
11, 139
Suppose j - 659 = -3*h - 0*h, 2*j = -4*h + 878. Suppose -5*b + 0*b - h = 0. What are the prime factors of (b/16)/((-1)/4)?
11
Suppose -3916*o + 361062 = -3935*o + 1370437. What are the prime factors of o?
5, 17
Let z(m) = -111*m + 32 - 94*m + m**2 + 194*m. Suppose -2*f + 80 = 3*f + 2*w, 3*f - 3*w - 27 = 0. List the prime factors of z(f).
2, 37
Suppose 0 = 60*t + 31*t - 445809. List the prime factors of t.
3, 23, 71
Suppose -33*c + 42*c + 7884 = 0. Let r = c - -2388. What are the prime factors of r?
2, 3, 7
Let v(x) = -23*x**3 + 2*x**2 + 5*x + 6. Let m be v(-3). Let o = m - 124. List the prime factors of o.
2, 11, 23
Let n(m) = -2*m**2 + 18*m + 22. Let r(j) = -j**2 - j + 1. Let l(w) = n(w) - r(w). What are the prime factors of l(19)?
3, 7
Let x = 8186 + -4448. Let i = x + -2517. List the prime factors of i.
3, 11, 37
Let d(n) = 231*n + 12. Let j be d(3). Suppose -39 = 4*z - 59. Suppose -z*b - j = -10*b. List the prime factors of b.
3, 47
What are the prime factors of ((-4)/(-10) + 9 + 487116/(-90))/(-1)?
3, 1801
Let g(c) = -c**3 - c**2 - c + 39. Let w be g(0). Let f = w - 32. Suppose -f*s = -531 - 253. What are the prime factors of s?
2, 7
Let u = -8570 - -17861. What are the prime factors of u?
3, 19, 163
Let n(m) = -m**3 + 41*m**2 - 11*m - 89. What are the prime factors of n(33)?
2, 5, 7, 59
Suppose 3*f + 3*l + 139 = 2050, 8*f - 4*l - 5060 = 0. What are the prime factors of f?
2, 317
Suppose -q - 18*q + 760 = 0. List the prime factors of 0/q - (-362 + -1).
3, 11
Let h = -230 - -2475. List the prime factors of h.
5, 449
Suppose 8104 - 78820 = -12*a. List the prime factors of a.
71, 83
Suppose -2168 = -9*c + 1621. Suppose 2*u - v = -c, -3*u + 7*u + 3*v + 847 = 0. Let m = -136 - u. What are the prime factors of m?
3, 5
Suppose 2*z = 3*z + 236. Suppose 8784 = 26*j - 394. Let h = j + z. List the prime factors of h.
3, 13
Let y(d) = -d**3 + 2*d - 3. Let x(f) = -3*f**3 - f**2 + 6*f - 7. Let b(w) = -2*x(w) + 5*y(w). What are the prime factors of b(3)?
2, 19
Suppose -4*f - 3*p + 6 = -5, -4*p - 6 = -5*f. Suppose 2*l + f = 3*d, l + l - 2 = 2*d. Suppose l*g - 4*g - 22 = 0. List the prime factors of g.
2, 11
Let r = -24935 - -37668. What are the prime factors of r?
7, 17, 107
Suppose -5*k + 1409 = 464. Let a be 17/(-51) - (-8222)/6. List the prime factors of (-42)/k + a/9.
2, 19
Let n be 3*5/(-15)*-3. Suppose 12 = 5*z + q - 5, -n*q = -3*z + 3. What are the prime factors of -2*z*(-655)/30?
131
Suppose 0 = 6*h - 450 - 672. Let c = 441 + h. What are the prime factors of c?
2, 157
Suppose -2*y = -4*c + 16, 7*y - 2*y = 4*c - 28. What are the prime factors of (-7 + (-553)/(-49))/(c/168)?
2, 3, 5
Let o = 169 - -90